 - 12*d - 3. What is the units digit of q(a)?
7
Suppose 5*l = 2*l. Let a be l - 0 - (-8)/2. Suppose 5*n = 1 + a. What is the units digit of n?
1
Let d be (3/(-6))/((-2)/4). Let u(c) = c**3 - 8*c**2 - 8*c - 5. Let g be u(9). Let k = g + d. What is the units digit of k?
5
Suppose 3*p - 4 + 1 = 0. Let m(v) = v - 1. Let w be m(p). Suppose w = g - 5*g + 2*x + 44, 3*x = -4*g + 44. What is the units digit of g?
1
Suppose 78 + 87 = 3*m. What is the tens digit of m?
5
Suppose 0 = -4*d + 2*d - 4*w + 50, 0 = 3*d - 2*w - 35. Suppose d + 0 = -3*u. Let o = -4 - u. What is the units digit of o?
1
Let f = 25 + -10. Let z = 33 - f. What is the tens digit of z?
1
Suppose 24 = 3*d - 7*d. What is the units digit of 8/(-12)*d/2?
2
Suppose -2*k + 111 = 3*r + 3*k, -2*r + 78 = 2*k. What is the units digit of r?
2
Let h(t) = -t**2 + t + 3. Let b be h(0). Suppose -24 = -l + 5*d, 5*l - 26 = b*l - d. What is the tens digit of l?
1
Let h = 6 - 4. Let q be -1 - (10 - (-3 + h)). What is the units digit of (q/15)/(2/(-15))?
6
Let g(f) = -2*f - 1. Let t be g(-2). Suppose -127 = -5*w + 3*a, 0 = a - 4 + t. What is the tens digit of w?
2
What is the units digit of 3 + 15 + -1 + 1/1?
8
Let u(l) = l**2 + 38. What is the units digit of u(0)?
8
What is the units digit of (5 + -6)/((-1)/7)?
7
Let s be (-6)/(-5)*15/2. Let i = s - 5. Suppose -4*r + 24 = i*v, 0 = 4*r - 4*v - 0*v - 48. What is the units digit of r?
9
Let l(j) = -2*j + 4. Let m be l(6). Let g = m + 5. What is the units digit of (-54)/(-8) + g/(-12)?
7
Let k(j) = 3*j**2 - j + 4. What is the tens digit of k(-3)?
3
Let w(o) be the first derivative of o**3/6 + 8*o**2 + 3*o - 3. Let z(a) be the first derivative of w(a). What is the tens digit of z(0)?
1
Suppose 46 = -4*a + 3*a. Let b = -16 - a. Let n = -19 + b. What is the tens digit of n?
1
Let t(d) = -d + 3. Let l(c) = c**3 + 9*c**2 - 11*c - 4. Let i be l(-10). Let y be t(i). What is the units digit of 11/3 - 1/y?
4
What is the units digit of 0 + (-1 - 3)/(-2)?
2
Let v = 0 - -3. Suppose -4*h + 137 = v*k + 45, 2*h - k = 36. What is the units digit of h?
0
Let z = 3 - 11. What is the tens digit of 21/28 + (-122)/z?
1
Suppose 7 + 13 = 4*l. Suppose y = -2, -2*u + 1 + 3 = -3*y. Let b = u + l. What is the units digit of b?
4
Suppose -4*l - 2 = -22. What is the units digit of l?
5
Suppose -2*k + 3*l + 16 = 0, -4*l - 12 + 0 = 2*k. Suppose 2*g + k = 4*c, 1 + 4 = -5*g + 5*c. What is the units digit of (-3 - -2)/g*6?
6
Suppose -8*v + 3*v - 30 = 0. Let n = 24 + v. What is the tens digit of n?
1
What is the units digit of 2490/8 + (17/(-4) - -4)?
1
Suppose f - 2*u - 13 = 0, 3*u - u = 2. Let b(z) = z**3 + 4*z**2 + 2*z. Let i be b(-2). Suppose i = o - f. What is the units digit of o?
9
Let l = -8 - 1. What is the units digit of (-42)/l*(-1 + 4)?
4
Let s(l) = 2*l**3 - 5*l**2 - l + 4. Let c be s(4). Suppose -m = 3*m - 2*o - 36, 4*o = 5*m - c. What is the units digit of m?
8
Let b(a) = 83*a - 5. Let n be b(4). Suppose -3*j = j + 12, -5*j - n = -2*m. What is the units digit of m/18*(-6)/(-4)?
3
What is the tens digit of 15/(4*12/32)?
1
Let t = -30 - -51. What is the tens digit of t?
2
Let y = 239 + -121. What is the tens digit of y?
1
Suppose 3*s - 15 = -0*s. Suppose 3*g - s = 2*g. What is the units digit of g?
5
What is the tens digit of -1 + (3 - -37 - 1)?
3
Let q be 4/(-14) + (-120)/(-28). Suppose -v - 2*u = -q*v, 0 = -5*v + u + 7. What is the units digit of (0/3 - v) + 8?
6
Suppose 2*y + 16 = 3*o, 15 = 5*o - 6*y + 5*y. Let j(d) = d**3 - 4*d**2 + 0*d + d + o*d + 4. What is the units digit of j(3)?
4
Let q(n) = n**3 - 5*n**2 + 2*n - 4. Let h be q(4). Let o = 0 + -1. What is the tens digit of (44/h)/(o/3)?
1
Let x(i) = -i - 4. Let w be x(-4). Let u = -42 - -72. Suppose 3*s - u = -w*s. What is the tens digit of s?
1
Let u be (-4)/6 + 8/3. Suppose 3*m = -k + 14, u*k + 0*k - 4 = 0. What is the units digit of m?
4
Let s(m) = -m - 4. Let f be s(-5). Suppose -12 = -h - f. What is the tens digit of h?
1
Let b(q) = -3 - 2*q**2 - 9*q + q**2 + 8*q + 9*q. What is the units digit of b(6)?
9
Suppose -r = -4*r + 15. Suppose -2*x + 3 = -r*x. What is the units digit of -2*-1*(-1)/x?
2
Let h(d) = 3*d**2 - 5*d + 6. Let w(l) = -10*l**2 + 14*l - 19. Let r(k) = -7*h(k) - 2*w(k). Let c = -7 - -12. What is the units digit of r(c)?
6
Suppose 4 = k + 3, 5*g - 18 = 2*k. What is the units digit of g?
4
Let c = 40 + -13. What is the units digit of c?
7
Suppose 3*i - 3*t = -72, -3*i + t = -3*t + 76. Let h = 53 + i. What is the tens digit of h?
3
Suppose 0 = -2*h - 3*h + 15. Suppose 2*w = w + h. Suppose w*i + i = q + 30, -3*q + 38 = 4*i. What is the units digit of i?
8
Let o(d) = -d**2 - 12*d - 10. Let k be o(-8). Let g be k/6 + (-2)/3. What is the units digit of 4 - -1 - (-3)/g?
6
Suppose 6*q + 24 = -0*q. What is the tens digit of q/(-6)*(-2 - -65)?
4
Let n = -12 - -17. Let i be (-924)/(-20) - 1/5. What is the units digit of i/n + (-1)/5?
9
Let d = -33 - -85. What is the tens digit of d?
5
Suppose -15*q + 25 = -10*q. What is the tens digit of (-546)/(-35) - (-2)/q?
1
Suppose 4*j - 2*x - 78 = 0, -x + 41 = 4*j - 34. What is the tens digit of j?
1
Let y(p) = -p - 1 + 2*p**2 + 0 - 4*p + p**3 + p. Let t be y(-3). What is the units digit of 6*(-2 - (-7)/t)?
9
Let z = -4 - -7. Suppose 0*b - z*b = -21. What is the units digit of b?
7
Suppose -p - p + 6 = 0. Suppose -p*s - 50 = -8*s. What is the tens digit of s?
1
Let w = -21 - -44. Let b = w + -7. What is the tens digit of b?
1
Suppose 2*r - b - 63 = 0, 2*r - 42 - 23 = 3*b. What is the tens digit of (1 + 0)*(r - 5)?
2
Let y(p) = 3 + p + 2*p**2 - 2*p**2 + 3*p - p**3 - 3*p**2. Let x be y(-4). Suppose -5*t = -x*z - 76, -3*t - 80 = -8*t + 5*z. What is the tens digit of t?
1
Let p(l) = -l**3 + 6*l**2 - 2*l - 1. What is the tens digit of p(-3)?
8
Let w be -2*(-3 - 26) - 3. Let k = -27 + w. What is the tens digit of k?
2
Let o(z) = z**3 + 6*z**2 + 6*z + 4. Let x be o(-4). Suppose -2*b = -b - x. What is the tens digit of b?
1
What is the units digit of -2 + 9/(-3) + 12?
7
Let z(b) = -16*b + 6. What is the units digit of z(-3)?
4
What is the tens digit of (-1)/((-1)/(-279)*-3)?
9
Suppose 0 = -3*h - 3*a, 5*a + 6 + 3 = 4*h. What is the units digit of h?
1
Suppose -61*p + 64*p = 777. What is the hundreds digit of p?
2
Suppose -43 - 65 = -4*n. Let g = n - 13. What is the tens digit of g?
1
Let x = 325 - 192. What is the units digit of x?
3
What is the tens digit of (-18)/12 + (-494)/(-4)?
2
Let u = -8 + 3. Let p = -4 - u. Let y(w) = 5*w**3 - w**2. What is the units digit of y(p)?
4
Suppose 2 = -2*g - 2*y, -4*g - 5*y - 5 = -2*g. Suppose 3*q - 2*q - 14 = g. Suppose 0*z + 2*z - q = 0. What is the units digit of z?
7
Let o(n) = -10*n + 63. What is the hundreds digit of o(-11)?
1
Let x = 4 + -6. What is the tens digit of 27/3 + 4 + x?
1
Let l be (-3)/(-18) + 43/(-6). Let z = l + 11. Suppose 3*t = t - 3*o + 5, 0 = 2*t + z*o - 4. What is the units digit of t?
4
Let q(t) = t**2 - 4*t + 4. Let a be q(4). Suppose -2*h - 3*h = 0. Suppose a*g + 1 - 5 = h. What is the units digit of g?
1
Let i(z) = 166*z**3 + 2*z**2 + 2*z + 1. Let o be i(-1). Let r(g) = -g + 15. Let v be r(5). What is the units digit of (-4)/6*o/v?
1
Let f(u) = 9*u - 19. Let r(x) = 4*x - 9. Let z(h) = -6*f(h) + 14*r(h). What is the units digit of z(9)?
6
Suppose 2*c + c = 36. Let m = c + -9. What is the units digit of (-2 + 26)*2/m?
6
Let z(v) = v**3 + 8*v**2 - 10*v. Let d be z(-9). Let g = -8 + d. What is the units digit of g*(12 - (1 - 2))?
3
Suppose 0 = 18*k + 659 - 1739. What is the units digit of k?
0
Let o be (-35)/(-5) - 0/(-2). Suppose a - o = 7. What is the units digit of a?
4
Let l(s) = -s**2 - 6*s + 9. Let u(k) = -k**2 - 10*k + 4. Let y be u(-11). Let t be l(y). Suppose 0*j + j - t = 0. What is the units digit of j?
2
Suppose 2*t + 3*c - 68 = 0, -2*c + 76 = 2*t - c. Let q = -29 + t. Suppose 4*p = 3*p + q. What is the units digit of p?
1
What is the units digit of 0 - 2 - 8*(-8 - -6)?
4
Suppose 5*h - 2*l - 2*l + 15 = 0, -3*h + 8 = l. Suppose -g = -2 - 2. Suppose -h + g = w. What is the units digit of w?
3
Suppose z = -6*o + o - 9, 0 = -5*z - 5*o - 145. Let p = 69 + z. Suppose -5*g + p = -0*g. What is the units digit of g?
7
Suppose 2*p + 3 = -5. Let f = p - -6. Suppose -f*b + 7*b = 30. What is the units digit of b?
6
Suppo